visor of 90 and p?
10
Let l be (2/2)/(1/11). Let r(d) = -2*d + 8. Let z be r(-7). Let a = z + -11. What is the highest common factor of a and l?
11
Suppose m = -2*h - 2 + 23, 0 = 5*m + h - 78. Let q be 220/m + 2/(-3). Suppose b - 4 = -2. What is the greatest common divisor of q and b?
2
Suppose -x = -4*x + 12. Let p = 13 + -5. What is the greatest common divisor of p and x?
4
Let f(d) = d**2 + 2*d - 35. Let z be f(-9). What is the greatest common divisor of 42 and z?
14
Let y be (2 - (-1)/(-1))*13. Let q(u) = 2*u - 6. Let g be q(4). Suppose -5*k + 645 = -h, k - 80 = -g*h + 60. Calculate the greatest common factor of y and k.
13
Let t(a) = -a**2 + 7*a - 4. Let c be t(5). Calculate the greatest common factor of 18 and c.
6
Let f be (-4)/(-14) - (-132)/28. Suppose 14 = 3*g + 5. Let l be g + -6 + -1 + 14. Calculate the highest common factor of l and f.
5
Suppose 7*l = 4*l + 42. Let z be -1 + 4 - (-1 - -4). Suppose z = -r - 0*r - 3*d + 104, 3*r + 4*d - 302 = 0. Calculate the highest common factor of r and l.
14
Let q(x) = -3*x - 3. Let y be q(-6). Let r(m) = 14*m**2 + 23*m + 24. Let u be r(-1). What is the highest common divisor of u and y?
15
Suppose 300 = 5*u + 80. Let i = 40 + -34. Let q be u/i*(-6)/(-1). What is the highest common factor of q and 11?
11
Let s be (-3 - -2)/((-4)/20). Suppose -70 = -0*m - s*m. Calculate the highest common factor of m and 126.
14
Let p(h) = -h**2 - 12*h + 1. Let k be p(-9). Calculate the highest common divisor of k and 56.
28
Suppose 0 = -2*u - 4*u + 36. Calculate the highest common divisor of 4 and u.
2
Let o(c) = c**2 - 7*c - 11. Let q be o(9). Let j(f) = -6*f + 9. Let b be j(-9). Calculate the greatest common factor of b and q.
7
Let y = 580 - 410. What is the highest common factor of 10 and y?
10
Suppose 3*s - 31 - 18 = -4*i, 3*s - 2*i - 61 = 0. What is the highest common divisor of 209 and s?
19
Let c = 74 + -34. Calculate the highest common factor of 40 and c.
40
Suppose -3*n + 247 = -113. What is the greatest common divisor of 15 and n?
15
Let f(p) = 11*p - 35*p - 6 + 16*p. Let y be f(-3). Calculate the greatest common divisor of 18 and y.
18
Let j = 102 + -22. Let m = -10 + 30. Calculate the greatest common factor of m and j.
20
Let g = 4 + -6. Let y = g + 6. What is the greatest common factor of 6 and y?
2
Let m be 1/(1/(-3)*1). Let g be (m/3)/(-1*1). Let y be 24/10 - 6/(-30)*-2. Calculate the greatest common factor of g and y.
1
Suppose 0 = n - 128 - 136. Calculate the highest common factor of 24 and n.
24
Let j = 18 - -21. Let n = j + 16. What is the highest common divisor of n and 5?
5
Suppose 2*o - 2 = 4. Suppose -28 = -o*t - 0*t + 2*p, 3*t - 33 = -3*p. What is the greatest common divisor of t and 10?
10
Let p be (64/20)/((-2)/(-5)). Let c = -57 - -81. What is the highest common factor of p and c?
8
Let d(s) = s**3 - 5*s**2 + 5*s + 2. Let u be d(4). Suppose 0 = -3*m + 15 + 3. What is the greatest common divisor of m and u?
6
Suppose -2*w = 2*z - 42, 2*w + 0*w = -5*z + 33. What is the greatest common factor of 8 and w?
8
Suppose 26 + 6 = 4*s. What is the greatest common divisor of 64 and s?
8
Let y be (-1)/2 - 3/6. Let f = 1 + y. Suppose f = 2*c - 2*z - 8, -z - 2*z - 19 = -4*c. What is the greatest common divisor of c and 14?
7
Let d = 6 + -2. Suppose -9 = x - d*x. Calculate the greatest common factor of 24 and x.
3
Suppose 4*i = -b - 1, -b = 2*b - i - 10. Suppose 8*w - 5*w - 198 = 0. Suppose 3*t - w = 6. Calculate the highest common divisor of b and t.
3
Suppose -3*x + 6 = -0*x. Suppose -1 = -x*n + 23. Let k(q) = 21*q - 10. Let m be k(n). What is the highest common divisor of 22 and m?
22
Suppose -4*m + 3*q + 20 = 0, 4*m - 5 = 4*q + 19. Let i be (2/(-1))/(m/(-3)). What is the greatest common factor of i and 15?
3
Suppose 7*c - 132 = 4*c. Let b = 42 - 20. What is the greatest common divisor of b and c?
22
Let u be -2*(-132)/(3/1). Calculate the greatest common divisor of 8 and u.
8
Let k be 543/15 - (-4)/(-20). What is the greatest common factor of 18 and k?
18
Let m(g) = -g**2 - 7*g + 7. Let v be m(-6). Let i be -2 - ((1 - 0) + 53). Let r = -30 - i. What is the greatest common factor of r and v?
13
Let p(x) = x**3 - 3*x**2 - 5*x + 5. Let s be p(4). Suppose s + 2 = h. Suppose 3 = -h*o, o = 2*i + 3*o - 14. Calculate the greatest common divisor of 40 and i.
8
Let k be (2/(-3))/(4/(-66)). Let g = k - -5. Let f(n) = 23*n**3 - n**2 - n - 2. Let l be f(2). What is the highest common divisor of l and g?
16
Let s = 12 - -8. Let d = 0 + 4. Calculate the greatest common divisor of s and d.
4
Suppose -3*q + 9 = -3*v - 6, 2*q = 5*v + 4. Suppose 2*w + 0*w + 74 = 0. Let n = 100 + w. What is the highest common factor of n and q?
7
Suppose 17 = x - 2*u + u, 2*x - 3*u - 32 = 0. What is the highest common divisor of 19 and x?
19
Let b be -3 - (78/(-2) + 1). Suppose 0 = 5*l - 5*c - b, 5*c - 6 - 7 = -l. What is the greatest common divisor of 24 and l?
8
Suppose 40 = 2*r + 3*r + 5*a, -3*r + 2*a + 9 = 0. What is the highest common divisor of 20 and r?
5
Suppose -4*p = y + y - 8, 20 = 5*y - 4*p. Suppose y*k + 15 = 43. Calculate the greatest common divisor of 7 and k.
7
Suppose n - 3*n + 4*d + 2 = 0, 3*n - d = 23. What is the greatest common factor of 45 and n?
9
Let t(h) = 4*h + 55. Let m be t(-11). Calculate the greatest common factor of m and 11.
11
Suppose 0 = -2*l - 5*k + 57, 0*l + 4*k = 4*l - 156. Calculate the greatest common factor of 18 and l.
18
Let o(i) = 332*i**2 - 3*i - 2. Let j be o(-1). What is the highest common divisor of j and 37?
37
Suppose 0 = 4*o + 16 + 24. Let b be o/(-6) - 6/(-18). What is the highest common factor of 1 and b?
1
Let y = -107 - -114. Let o(v) = -18*v - 1. Let n be o(-2). Calculate the highest common divisor of n and y.
7
Suppose 52 = 3*w + w. Calculate the greatest common factor of w and 13.
13
Suppose 2*n - s = -5*s + 4, 5*n - 3 = -3*s. Suppose -2*p + 2 = -2. Suppose n = 4*j + p*g, 2*j + 2*g = -3*g - 8. Calculate the highest common factor of 3 and j.
1
Suppose l = 6*l + 3*s - 208, -2*s = 8. Let m = 40 - 36. What is the greatest common factor of m and l?
4
Let o = 314 - 224. What is the greatest common divisor of 18 and o?
18
Let t(k) = 15*k + 1. Let h be (-3)/((-12)/8) - 1. Let b be t(h). What is the greatest common factor of 48 and b?
16
Let f(h) = -6 + 6*h - 4 + 0 - 2. Suppose -3*o = -o - 16. Let k be f(o). Calculate the highest common divisor of 4 and k.
4
Suppose 0 = 2*x - 7*x + 2*c + 264, -5*x + 4*c + 258 = 0. Calculate the greatest common factor of x and 135.
27
Suppose u = 2*u - 64. Suppose -z + 4*x = -5*z + u, -2*z + 5*x + 4 = 0. What is the greatest common factor of 8 and z?
4
Suppose 5*t - 3*t = -4*b + 976, -b - 3*t = -249. What is the highest common divisor of b and 27?
27
Let t be 3 - 0 - 1/1. Suppose 0 = a + m + t*m + 8, 3*a = -m. What is the greatest common factor of a and 3?
1
Suppose 2*t = -2*w + 4*t + 330, -3*w - 5*t = -455. Calculate the greatest common factor of 20 and w.
20
Let z be -724*(2/4 - 1). Suppose -3*i + a + z = 0, -2*i + a = 3*i - 600. What is the greatest common divisor of 17 and i?
17
Let t = 148 - 89. Suppose -t - 5 = -4*w. What is the greatest common divisor of w and 48?
16
Suppose 0 = 7*p - 4*p - 81. Calculate the highest common divisor of p and 3.
3
Let m be (-38)/(-171) - (-70)/9. Calculate the greatest common factor of m and 1.
1
Suppose -2 = -3*a + 7. Suppose a*w + 23 = 2*i - 2*w, 2*i - 25 = 3*w. Calculate the highest common divisor of i and 112.
14
Let r = 55 - 15. Suppose -28*o + 67 + 45 = 0. Calculate the greatest common divisor of o and r.
4
Suppose 0 = 3*d + 2*o - 368, -3*o + 0*o = d - 132. Suppose -d = -3*r + 111. Suppose 5 = -4*q + r. What is the greatest common divisor of 18 and q?
18
Let g(o) = o**3 - 3*o**2 - 7*o - 9. Let r be g(5). What is the highest common factor of r and 27?
3
Let d(s) = s**3 - 3*s + 12*s + 3*s**2 - 13*s**2 + 1. Let v be d(9). What is the highest common divisor of v and 11?
1
Suppose -s + 3 + 1 = 0. Let t = -41 - -45. What is the greatest common divisor of s and t?
4
Let s = 3 - -1. Calculate the greatest common divisor of 10 and s.
2
Let y(v) = 2*v**3 - 2*v**2 - 4. Let i(l) = -3*l**3. Let o be i(-1). Let a be y(o). Calculate the highest common divisor of a and 16.
16
Suppose -51 - 45 = -4*a. Suppose a = -0*x + 3